4, what is -d + -3cd?
-3dc
In base 6, what is 1044 + 15?
1103
In base 9, what is -1263 + 4?
-1258
In base 14, what is -16b - -2?
-169
In base 11, what is -97 + 12?
-85
In base 11, what is 16 - -14?
2a
In base 8, what is -2722 + -4?
-2726
In base 16, what is 32 - -1c?
4e
In base 15, what is -2 - -147?
145
In base 16, what is 111 - 4?
10d
In base 9, what is -231 - -3?
-227
In base 10, what is 31556 + -2?
31554
In base 4, what is 22 + -13?
3
In base 6, what is -4254 + 1?
-4253
In base 14, what is -b5 - a4?
-179
In base 2, what is -1011 - -101001?
11110
In base 16, what is 4 + -6?
-2
In base 11, what is -84 - 10?
-94
In base 6, what is -2455 + 5?
-2450
In base 11, what is -43 - -1a?
-24
In base 14, what is c + -2a?
-1c
In base 14, what is -73 + -3?
-76
In base 16, what is 166 - -1?
167
In base 3, what is -11200021 - -11?
-11200010
In base 4, what is 120130 + -10?
120120
In base 11, what is 2 - -34?
36
In base 5, what is -14144 - -2?
-14142
In base 5, what is -42403 + -10?
-42413
In base 8, what is 3 - 27?
-24
In base 5, what is -133 - -101?
-32
In base 5, what is 34 - -14?
103
In base 9, what is 15 + 1532?
1547
In base 13, what is -1 + 26?
25
In base 10, what is -1 - 2282?
-2283
In base 7, what is 4 + -1014?
-1010
In base 7, what is 25 + -26?
-1
In base 11, what is -3a5 + 0?
-3a5
In base 16, what is f82 + 2?
f84
In base 10, what is -61 + 21?
-40
In base 5, what is 42 + -21?
21
In base 16, what is a73 + 2?
a75
In base 2, what is 1 - 101110?
-101101
In base 16, what is 34 + 4?
38
In base 13, what is -17c - 5?
-184
In base 5, what is 10032 + -2?
10030
In base 5, what is -10 - 223?
-233
In base 14, what is -c + -20?
-2c
In base 10, what is 1 - 507?
-506
In base 12, what is 38 + 14?
50
In base 6, what is 0 + -43?
-43
In base 2, what is 111 - 11000?
-10001
In base 2, what is 11 - -111010?
111101
In base 6, what is -24 - -1202?
1134
In base 16, what is -5 - -6?
1
In base 7, what is -360 - 2?
-362
In base 5, what is 210 - 1101?
-341
In base 16, what is 5eb + -5?
5e6
In base 4, what is -1 - -10221?
10220
In base 7, what is -550 - 2?
-552
In base 5, what is -31 - 124?
-210
In base 9, what is -57 - -81?
23
In base 7, what is -1 - 10?
-11
In base 4, what is -2 - -2100?
2032
In base 5, what is -21133 - 10?
-21143
In base 3, what is -11 + -111110?
-111121
In base 5, what is 213 - 30?
133
In base 8, what is -1 + 33?
32
In base 2, what is 10111 - 1110100?
-1011101
In base 15, what is -17 - 1c1?
-1d8
In base 10, what is 22 + -241?
-219
In base 5, what is -2003 + 14?
-1434
In base 13, what is -353 - -1?
-352
In base 2, what is 1110110 - 100?
1110010
In base 3, what is 222222 - -10?
1000002
In base 9, what is 3 - -115?
118
In base 8, what is -13 + 472?
457
In base 7, what is -5 - 135?
-143
In base 7, what is 0 - -126?
126
In base 2, what is 11100 + -1?
11011
In base 4, what is -12322211 - 3?
-12322220
In base 4, what is 331101 + 10?
331111
In base 12, what is -866 + -5?
-86b
In base 5, what is -4 + -220102?
-220111
In base 7, what is -12 + 102?
60
In base 11, what is -63 - 22?
-85
In base 15, what is 242 - 0?
242
In base 11, what is 11 + 22?
33
In base 13, what is 9 + 52?
5b
In base 3, what is -10220 - 11?
-11001
In base 9, what is 3725 - -2?
3727
In base 16, what is 7 - 370?
-369
In base 14, what is 97 - -1?
98
In base 7, what is -2364 - 1?
-2365
In base 15, what is 0 - 22?
-22
In base 13, what is 2c - -6?
35
In base 14, what is -6 + -10d6?
-10dc
In base 12, what is -10 - -b6?
a6
In base 10, what is 4 - -61?
65
In base 8, what is 553 + -4?
547
In base 9, what is -1 + 2137?
2136
In base 7, what is 16540 + -3?
16534
In base 15, what is 4 - 76?
-72
In base 15, what is 9 - -51?
5a
In base 2, what is 101 - 101011?
-100110
In base 6, what is 11 + -22?
-11
In base 10, what is 990 + 0?
990
In base 9, what is -2 - -84?
82
In base 13, what is 12 + 4?
16
In base 14, what is 407 - -5?
40c
In base 6, what is -15 - 11105?
-11124
In base 9, what is 0 + -11871?
-11871
In base 14, what is 61 + 0?
61
In base 11, what is 0 + 50?
50
In base 16, what is -7 + 11?
a
In base 12, what is 17a + -2?
178
In base 11, what is 258 - 4?
254
In base 8, what is -3321 - -1?
-3320
In base 15, what is -2 - 190?
-192
In base 3, what is 20021 + 10?
20101
In base 12, what is -43 - -85?
42
In base 3, what is -20012 + -12?
-20101
In base 12, what is 339 - 4?
335
In base 10, what is -5 + 13?
8
In base 3, what is 200201 - -20?
200221
In base 9, what is -1 + 681?
680
In base 13, what is 5 - -32c?
334
In base 6, what is 130 - -13?
143
In base 2, what is -10001 + 1111?
-10
In base 9, what is 6 - -11?
17
In base 9, what is -783 - 2?
-785
In base 4, what is 132 - -11?
203
In base 6, what is 4440 + -4?
4432
In base 2, what is -100001 + -1000010?
-1100011
In base 16, what is -3 + -10?
-13
In base 9, what is 228 + 3?
232
In base 13, what is -2 - -10?
b
In base 9, what is 258 - -14?
273
In base 10, what is -3 + -106?
-109
In base 2, what is -11 + 1001?
110
In base 7, what is 0 - -22?
22
In base 9, what is -724 - 2?
-726
In base 14, what is -31 + -36?
-67
In base 4, what is 11 - 102023?
-102012
In base 8, what is 126 + 51?
177
In base 10, what is 3 - -61?
64
In base 5, what is 23 + -404?
-331
In base 8, what is 1 + -301?
-300
In base 12, what is 3b1 + 2?
3b3
In base 4, what is 10233 + -322?
3311
In base 9, what is -4 + 5?
1
In base 3, what is 2102002 - -1?
2102010
In base 3, what is -112010 + 11?
-111222
In base 12, what is 1 + 152?
153
In base 5, what is 23431 + 1?
23432
In base 3, what is 22 - 212222?
-212200
In base 15, what is 4 - 169?
-165
In base 10, what is -4 + -7268?
-7272
In base 11, what is 26 + 2?
28
In base 4, what is 2 - 20020?
-20012
In base 15, what is 136b - 3?
1368
In base 16, what is -47 - -2?
-45
In base 12, what is 2b8 + -4?
2b4
In base 7, what is 5 - -52?
60
In base 6, what is -24 + 23?
-1
In base 7, what is -1515 + 5?
-1510
In base 16, what is 1 - -52?
53
In base 13, what is -210 - -7?
-206
In base 12, what is 240 - 29?
213
In base 2, what is 1000000 + 101?
1000101
In base 15, what is -163 + -3?
-166
In base 2, what is -100100100011 - -100?
-100100011111
In base 9, what is -24 + -41?
-65
In base 15, what is -60 - d?
-6d
In base 5, what is -202233 + -10?
-202243
In base 12, what is 209 - -28?
235
In base 6, what is 41 + 302?
343
In base 7, what is -4 + -54?
-61
In base 7, what is 26 + -12?
14
In base 6, what is -252 + 52?
-200
In base 14, what is -4b - 12?
-5d
In base 12, what is 257 + 7?
262
In base 8, what is 1 + 14?
15
In base 15, what is -a0 - b?
-ab
In base 16, what is 4 - c?
-8
In base 3, what is 20012120 - -10?
20012200
In base 9, what is -4 - -123?
118
In base 8, what is 734 + 5?
741
In base 2, what is 1 - -101101?
101110
In base 9, what is 2 + -70?
-67
In base 14, what is -17 - 4ba?
-4d3
In base 9, what is -1 + 1775?
1774
In base 11, what is 0 - 61?
-61
In base 11, what is 325 + -2?
323
In base 14, what is -c + -293?
-2a1
In base 10, what is -4 + -957?
-961
In base 14, what is -c2 + -5?
-c7
In base 13, what is -12b + 15?
-116
In base 3, what is 222222 - 1?
222221
In base 15, what is 2e + 0?
2e
In base 12, what is -11 + -9a?
-ab
In base 16, what is -21 - -28?
7
In base 6, what is 3 + -42?
-35
In base 12, what is -5b5 - 5?
-5ba
In base 3, what is -112112 - -1?
-112111
In base 7, what is 25 - 14?
11
In base 5, what is 114 + -10?
104
In base 15, what is 0 + -173?
-173
In base 10, what is 2 - -32?
34
In base 11, what is 2 - -41?
43
In base 4, what is 30013 + -30?
23323
In base 4, what is -13 + 203?
130
In base 12, what is 130 + 10?
140
In base 7, what is 34 - 42?
-5
In base 9, what is -226 - -16?
-210
In base 8, what is 4 + 12?
16
In base 5, what is 10 + -2102?
-2042
In base 6, what is 22 - 3302?
-3240
In base 8, what is -4 + -13?
-17
In base 6, what is 13 + -12234?
-12221
In base 7, what is -13224 - 5?
-13232
In base 6, what is 13 - -222?
235
In base 5, what is 2212 + 4?
2221
In base 7, what is 13 + 21?
34
In base 7, what is -4 - 515?
-522
In base 7, what is -124 - 5?
-132
In base 6, what is -1 + -44422?
-44423
In base 15, what is 4 + c24?
c28
In base 8, what is 7 - -1563?
1572
In base 13, what is -c5 - 11?
-106
In base 4, what is -2312 + -10?
-2322
In base 14, what is -2c0 - 3?
-2c3
In base 9, what is -4 + 508?
504
In base 4, what is -3210 + 2?
-3202
In base 7, what is -60 + 30?
-30
In